 7))/(0 + 1). Suppose -2*a - 2*a = 16, -5*a = -k + 41. What are the prime factors of (-1)/(3/k*l)?
7
Let r(d) = -d**3 - d**2 + 4*d - 3. Let h be r(2). What are the prime factors of h/((-189)/(-48) - 3 - 1)?
2, 7
Let l = -92 - -73. Let p(d) = -d**3 - 17*d**2 + 26*d - 21. What are the prime factors of p(l)?
3, 23
Let g = 59 - 128. What are the prime factors of 3/21 - g/7?
2, 5
Let u(n) = n**2 + 5*n + 9. Let m be u(-4). Suppose m*y = 2*y + 27. List the prime factors of y.
3
Let d(m) = -7*m - 46. Let u be d(-6). List the prime factors of (-2)/3 + u/(36/(-1257)).
139
Let j = 53 - 59. Let w(s) = -11*s - 21. List the prime factors of w(j).
3, 5
Suppose -567 = 3*b + 4*b. Let i = 8 - b. List the prime factors of i.
89
Suppose -4*z = z - 25. Suppose 0 = -5*u, -z*u - 16 + 0 = 4*t. Let h(j) = j + 8. List the prime factors of h(t).
2
Suppose -2*x = 5*f - 13, -3*f = 2*x + 4 - 15. Let c be 4/(-2) + -112*f. Let i = -68 - c. List the prime factors of i.
2, 23
Suppose -1950 = 6*k - 11*k + 5*g, -1176 = -3*k - 3*g. List the prime factors of k.
17, 23
Let v(r) = -r**2 - 8*r - 7. Let p = -3 + -4. Let i be v(p). Suppose -5*l = -i*l - 95. What are the prime factors of l?
19
Let f(l) = -l**3 + 2*l**2 + 5*l - 4. Let q be f(3). Suppose -3*w - a = 152, q*w + 5*a + 36 = -48. Let t = w + 78. List the prime factors of t.
2, 13
Let c = -36 + 19. Let y = -15 - c. List the prime factors of y.
2
Suppose 141 = -7*d - 41. Let n be 10/(-3)*(-39)/d. What are the prime factors of (-1008)/(-45) + 2/n?
2, 11
Suppose -p = 17 - 3. Let g = -21 - p. Let n(r) = -r**3 - 6*r**2 + 6*r + 3. What are the prime factors of n(g)?
2, 5
Suppose 10 = -4*q - 26. Let n be q + 10 + 8/(-1). What are the prime factors of (-1 - (n - -3)) + 19?
2, 11
Suppose -87 = -g + 24. What are the prime factors of g?
3, 37
Let n = -1518 + 2329. List the prime factors of n.
811
Let v = 16 + -23. Let g(b) = -4*b - 1. List the prime factors of g(v).
3
Suppose -52 = -5*h - 2. Let k = h + -26. What are the prime factors of 0 - 7/(14/k)?
2
List the prime factors of (-3522)/8*(-16)/6.
2, 587
Let s(v) = v**3 + 6*v**2 + 2*v + 3585. List the prime factors of s(0).
3, 5, 239
Suppose 0 = -y + 5*y + 4. What are the prime factors of (-1)/y + (-326)/(-2)?
2, 41
Let n(o) = 9*o**2 + 6*o + 66. What are the prime factors of n(-8)?
2, 3, 11
Let c(i) = 4 + i**3 - 5 - 4 + i + 2 - 3*i**2. Let l be c(3). Suppose l = -4*y - 4 + 100. What are the prime factors of y?
2, 3
Suppose d - 4*w - 38 = 505, -2*w = d - 549. List the prime factors of d.
547
Suppose d + 4*g + 2 = -0*g, -4*d = 3*g - 5. Suppose -4*q - 3*t + 2*t + 346 = 0, 5*q - d*t - 439 = 0. What are the prime factors of q?
3, 29
List the prime factors of (-163)/(-23) + 4/(-46).
7
Let d(b) = -b**3 - 15*b**2 - 13*b - 80. What are the prime factors of d(-15)?
5, 23
Suppose 2*o = -4 + 170. Suppose 3*f = -30*v + 25*v - 132, 4*f + 23 = -v. Let h = o + v. List the prime factors of h.
2, 7
Let i = 1318 - 505. List the prime factors of i.
3, 271
Let r = -2 + -12. Let j = 13 + r. List the prime factors of j - -2 - (-20)/1.
3, 7
Let h = 890 - 146. List the prime factors of h.
2, 3, 31
Let f = 15 - -100. List the prime factors of f.
5, 23
Let j = -4014 - -10479. What are the prime factors of j?
3, 5, 431
What are the prime factors of (54/27)/(6/2511)?
3, 31
Let l(u) = -u**3 + 2*u**2 + 3*u - 4. Suppose -5*a = -a - 8. Let v be l(a). Suppose v*q + 2*q = 12. List the prime factors of q.
3
Suppose 3*d = -5*m - 0*d + 38, -3*m + 22 = d. Suppose -m*t = -386 - 524. List the prime factors of t.
2, 5, 13
Suppose 5*u = 2*t - 14, -5*t + 2*t - u + 4 = 0. What are the prime factors of t/3 - (-97)/3?
3, 11
Let y(k) = k**3 + 13*k**2 + 5*k - 16. Let o be y(-12). Suppose -4*s + 144 = -2*m, -3*m = -0*s - 2*s + o. List the prime factors of s.
37
Let z = -122 + 80. Suppose 26 + 50 = -4*a + 2*m, 2*a + 54 = -3*m. Let h = a - z. List the prime factors of h.
3, 7
Let x(t) be the first derivative of t**3/3 + t**2/2 + 3*t + 5. Let q(h) be the first derivative of x(h). List the prime factors of q(6).
13
Let w = -17 - -19. Let t be 1 - 1/(-2)*w. What are the prime factors of ((-387)/(-27))/(t/6)?
43
Let w = -4258 + 6148. What are the prime factors of w?
2, 3, 5, 7
Suppose -2*g = -0*g - 2, -3*s + 3*g - 111 = 0. Suppose -3*l + 114 = -5*l. Let n = s - l. List the prime factors of n.
3, 7
Let r be (24/9)/(2/3). Suppose -4*o - 3*f = -752, -f - 342 = r*o - 1094. What are the prime factors of o?
2, 47
Suppose 0 = 139*y - 138*y - 296. What are the prime factors of y?
2, 37
Let w(o) = 11*o + 0*o**2 - 4*o**2 + 2 + 6 + 3*o**2. Let t be w(12). List the prime factors of 5/((t/(-3))/4).
3, 5
List the prime factors of (5/((-20)/16) + -538)*-8.
2, 271
Suppose 0 = -5*b + 13 + 2. Suppose -5*p - 6*s + 110 = -b*s, -2*p = -5*s - 44. What are the prime factors of p?
2, 11
Suppose -3*b + 6*b - 27 = 0. Suppose -3*x + b = 0, 467 = 4*i - x + 146. What are the prime factors of i?
3
Let k = 157 + -415. Let x = 432 + k. What are the prime factors of x?
2, 3, 29
Let b(w) = -w**3 - 24*w**2 + 30*w - 14. List the prime factors of b(-26).
2, 3, 31
Let m be (-8 - -2)*(-2)/3. Suppose 5*r = -2*u + 4*u + 15, m*u + 6 = 2*r. Suppose r*z - 5*z = -52. What are the prime factors of z?
2, 13
Let p = 18 - 14. Suppose -4*s - p = -28. Suppose 54 = s*u - 4*u. What are the prime factors of u?
3
Suppose -2245 - 793 = -49*o. List the prime factors of o.
2, 31
Let t(c) = -c**3 + 7*c - 5. List the prime factors of t(-7).
17
Let m(n) = -4*n + 1. Let u(c) = 2*c. Let o(s) = 3*m(s) + 7*u(s). Suppose 0 = 11*h - 7*h - 16. List the prime factors of o(h).
11
Let d = -1043 - -5302. What are the prime factors of d?
4259
Let d(w) = 2*w**2 - 4. Let y be d(4). Let r = 105 + y. Suppose -43 = 5*u - r. What are the prime factors of u?
2, 3
Let j(h) = -61*h - 6*h**2 + 4 - 5*h**3 + 4*h**3 + 55*h. List the prime factors of j(-8).
2, 3, 5
Suppose -655 = 5*z - z + y, -5*z + 4*y = 803. Let c = -93 - z. What are the prime factors of c?
2, 5, 7
What are the prime factors of 133 - 12*((-30)/8 - -4)?
2, 5, 13
Let x(w) = 8*w. Let m be x(8). Suppose -3*n = n - m. List the prime factors of n.
2
Let f = -430 - -685. Suppose 3*w - 9 = 0, 2*k + k - f = 3*w. List the prime factors of k.
2, 11
Let m = 14 + -12. Suppose 2*d = m*t - 0 - 2, -3*t + d + 5 = 0. Suppose 59 = t*y + 1. List the prime factors of y.
29
Let p(u) = -u**2 - u + 2. Let f be p(-2). Let w be 5/2 - (-2)/4. Suppose f = -2*d + c + 27, -65 = -8*d + 3*d + w*c. What are the prime factors of d?
2
Let c = 3178 + -1899. What are the prime factors of c?
1279
Let q be -4 + 10 - (0 + 3). Suppose 9 = q*d, 0*l - 2*l - d + 19 = 0. Let r = l + 0. List the prime factors of r.
2
Let x(o) = -161*o - 4. List the prime factors of x(-3).
479
List the prime factors of 3 - -204 - ((-15)/(-5) - 1).
5, 41
Let x = 254 - 183. What are the prime factors of x?
71
Let b = 10 - 8. Let s be (-4)/b*(-3)/3. List the prime factors of (s/6)/((-1)/(-9)).
3
Let c be (-1 + 8)*36/7. Suppose 1 - c = 5*o. What are the prime factors of 4 - o - (2 - 0)?
3
Suppose w = 2*w - 327. What are the prime factors of w?
3, 109
Let n(l) = l**3 + l**2. Let y be (8/(-6))/((-12)/9). Let s be n(y). Suppose -8 = -2*a, -s*g - 7*a + 2*a = -134. List the prime factors of g.
3, 19
Suppose -2*y + 2*y = 4*y. Suppose -21*n + 18*n + 141 = y. What are the prime factors of n?
47
Suppose 0*a + a = 5*z - 2, 0 = 5*z - 5. Let w be -1 + 2/(-6)*a. What are the prime factors of (2 + 0)*(-4)/w?
2
List the prime factors of (2 + 9)*-59*(1 - 2).
11, 59
Let l(c) = -25*c - 80. Let q be l(-7). Let z = -75 + q. List the prime factors of z.
2, 5
Let p = -194 + 285. List the prime factors of p.
7, 13
Let a be 3 - 5 - (-9)/(0 - -3). Let p(c) = c**2 - c. Let g(z) = 20*z**2 - 7*z. Let t(i) = 2*g(i) - 14*p(i). List the prime factors of t(a).
2, 13
Suppose 6*c = 4 - 52. Let j = c - -11. Suppose 3*q + 4*s - 170 = 0, q + j*s + s = 54. List the prime factors of q.
2, 29
Let d(s) = -11*s - 11. Suppose 4*c = -2*k - 20, -5*k - 75 = -5*c - 25. What are the prime factors of d(k)?
3, 11
Suppose -3*a + 84 = 4*a. Suppose -2*o = a*o - 1666. List the prime factors of o.
7, 17
Suppose 4*s - 169 = 3*k, -s - 48 = k - 4*s. List the prime factors of -1*(-2 + k) + -4.
61
Suppose 4*a - 5 = 3*a. Let b be 21/6 + a/10. What are the prime factors of (1 + (39 